 l = -83 - -138. Let p(t) = 10*t + 102. Let u be p(-6). Suppose r = 4*h - 15 - l, 2*h + 3*r - u = 0. What are the prime factors of h?
2, 3
List the prime factors of 1/(-7) - ((-209172)/84 + 10).
2, 5, 31
Let n = 1728 - 1245. List the prime factors of n.
3, 7, 23
Suppose 4*s - 4*o = 40, 5*o - 45 - 45 = -5*s. What are the prime factors of (1 + -3 - -124)*s/7?
2, 61
Let g(h) be the second derivative of -h**4/8 - 2*h**3/3 - 5*h**2/2 - 6*h. Let l(z) be the first derivative of g(z). What are the prime factors of l(-4)?
2
Let m be -2 + 6 + -4 - 1*6. Let x(y) be the second derivative of y**4/3 + 13*y**3/6 - 9*y**2/2 + 6*y. What are the prime factors of x(m)?
3, 19
Let r = 57 - -21. Let x = 33 + r. List the prime factors of x.
3, 37
Suppose 3*t + 5 = -4. Let b(x) = -8*x**2. Let k be b(t). List the prime factors of (-30)/(-3)*k/(-20).
2, 3
Suppose 4*d - 4*t - 23459 = -5747, t = 1. What are the prime factors of d?
43, 103
Let n = 207 + 932. List the prime factors of n.
17, 67
What are the prime factors of 1583016/994 - (-4)/(-7)?
2, 199
Let g be ((-8)/(-6))/((2 - 1)/(-3)). Let n(j) = -34*j + 17. What are the prime factors of n(g)?
3, 17
Let t(v) be the first derivative of 13*v**3/3 + 3*v**2/2 - 4. Let c be t(-3). Suppose 115 = 5*d + 5*p, -5*d + c = -p - p. What are the prime factors of d?
2, 11
Let d = 3594 + -1894. List the prime factors of d.
2, 5, 17
Let y = 7 + 1. Let b = 65 + y. List the prime factors of b.
73
Let u be (-12)/(-4) + (1 - 1). Let z(a) = u - 2 + a + 3*a + a. List the prime factors of z(6).
31
Suppose 2*f = f - 5*p + 579, -4*f - 2*p = -2262. List the prime factors of f.
2, 3, 47
Let o be (9 - 5)/((-2)/7). Let n be ((-4)/o)/(3/21). Suppose t - 5 - n = 0. What are the prime factors of t?
7
Let n = 63 - 60. Suppose -2 = -n*i - 5*x, 5*i - 21 + 7 = -3*x. List the prime factors of i.
2
Suppose -1881 = -13*u + 966. What are the prime factors of u?
3, 73
Suppose -4*m - 1 - 15 = 3*i, -2*m = i + 8. Suppose 3*x - 3 = 0, i*x - 21 = -5*f + 4*x. List the prime factors of f.
5
Let q(y) = y - 7 - 3*y**3 + 1 + 2*y**3 + 3*y**2 + 4*y. Let g be q(4). What are the prime factors of (-96)/g + -3 + 0?
3, 5
Suppose 40 = 8*p + 8. Suppose -2*h - 10 = 3*h. List the prime factors of h/p*(-3 + -27).
3, 5
Suppose -15*r + 642 = -10533. What are the prime factors of r?
5, 149
Let d be 1 - (-775)/((-2)/2). Let g be 4/6*d/12. Let b = -21 - g. List the prime factors of b.
2, 11
Let b(r) = r**3 + 18*r**2 - 32*r - 55. What are the prime factors of b(-16)?
3, 17, 19
Suppose -3*b + 2261 = b - 5*t, -4*b = 5*t - 2291. List the prime factors of b.
569
Suppose 3*s - 2*r = 2, 2*s - r + 12 = 7*s. Suppose -45 = -3*t - s*m + 3*m, 0 = t + 5*m - 31. What are the prime factors of t?
2
Suppose 0 = -z - 2, -3*r = 5*z + 11 - 1. Suppose r*c - 5*c + 65 = 0. Let g = 24 - c. What are the prime factors of g?
11
Suppose -144 = -5*p + 191. Suppose c + 5*q = p, 232 = 2*c + 2*c + 2*q. What are the prime factors of c?
3, 19
Suppose 9414 = 10*d - 1606. List the prime factors of d.
2, 19, 29
Let t(z) = 7*z**2 - 6*z**2 - 5*z - 10 + 1. Let b be t(8). Suppose -3*o = -b, 5*q - 130 = -o - o. List the prime factors of q.
2, 3
Let b be (-1)/(-6) - (-94)/12. Let y(g) = -b*g - 4*g - g**2 - 5 + g. List the prime factors of y(-10).
5
Suppose 5*b = 10, -2*b = 3*i + 3*b - 4. List the prime factors of (58/3)/(i/(-9)).
3, 29
Suppose -4*k + 2*u - 5*u + 9 = 0, 0 = 2*k + 4*u - 2. Suppose 11*i = -18*i. Suppose -j + k*j - 12 = i. List the prime factors of j.
2, 3
Let f(w) = 3*w**2 + 7*w**2 - 3 + 0*w - 7*w - w**3. Suppose 13*t - 53 = 64. What are the prime factors of f(t)?
3, 5
Let b = 1862 - 1187. What are the prime factors of b?
3, 5
Let q = 84 + 399. List the prime factors of q.
3, 7, 23
Let f(v) = -326*v + 316. List the prime factors of f(-12).
2, 7, 151
Let w(q) = q**3 - 38*q**2 - 8*q - 79. What are the prime factors of w(39)?
2, 5, 113
List the prime factors of (-5 + 2 + 1674/30)*50.
2, 3, 5, 11
Let j(o) = -552*o + 80. What are the prime factors of j(-3)?
2, 7, 31
Let q = -11 - -7. List the prime factors of 20 + (-12)/16*q.
23
Let c be (-5)/((-10)/(-116)) - 0. Let s be (-66)/792 - (-74)/24. What are the prime factors of (-1)/3 - c/s?
19
Let p = -109 - -1187. What are the prime factors of p?
2, 7, 11
Let n(m) = -m**2 + 9*m - 14. Let x be n(5). Suppose -x*l - l = -189. List the prime factors of l.
3
Suppose -c - 2 = -2*c. Suppose -2*u + 2 = -c. List the prime factors of (u - -1)*4 - -3.
3, 5
Let l = -33 + 36. Suppose 2*m - 77 = -3*s, l*m = -5*s + 7*m + 121. Let a = 45 - s. What are the prime factors of a?
2, 5
Let n = -323 + 623. What are the prime factors of n?
2, 3, 5
Let k = -77 + 133. Suppose 3*d = -4*j - k, -d + 1 = -2*j + 23. Let y = d + 24. What are the prime factors of y?
2
Let r = -28 - -46. Suppose 21*h - r*h - 222 = 0. Let a = h + -37. List the prime factors of a.
37
Let s(h) be the first derivative of 10*h**3 - h**2 + h + 2. Let t be s(1). Suppose 0 = -2*p - 3*b + 58, 2*b + t = p + b. List the prime factors of p.
29
List the prime factors of 17745/15*((-18)/21)/(-3).
2, 13
Suppose -3*r - 504 + 8907 = 3*h, -h = 3*r - 2809. What are the prime factors of h?
2797
Let s = 237 - -94. List the prime factors of s.
331
Let q = -5114 - -9698. List the prime factors of q.
2, 3, 191
Suppose 5*f = -8*f + 3185. List the prime factors of f.
5, 7
Suppose 2*u - 10 = 4*h, 2*h - 1 = -2*u + 9. Suppose 0 = 5*c - h*c - 665. Suppose p = 5, 2*m - c = -2*m - p. List the prime factors of m.
2
Let k be (1 + -3 - -11) + 3. Let r be -75*(0 - k/4). Suppose 3*b - r = -2*b. List the prime factors of b.
3, 5
Suppose -l - 29 = 3*c, 5*c + 42 = c - 3*l. What are the prime factors of 414/8*(-24)/c?
2, 3, 23
What are the prime factors of (-23798)/(-17) + (-160)/(-1360)?
2, 5, 7
Let s(z) be the second derivative of z**4/4 + z**3 + z**2/2 - 15*z. List the prime factors of s(-6).
73
Let n(i) = -10*i**3 + 5*i**2 - 3*i - 7. List the prime factors of n(-3).
317
Let z = 108 - 35. Let c = -48 + z. Suppose -y - c + 80 = 0. What are the prime factors of y?
5, 11
Let j(t) = 22*t**2 + 7*t - 22. List the prime factors of j(3).
197
Suppose 2*j + 63 = 3*a, -16 = -5*a + j + 82. What are the prime factors of a?
19
Let h(o) = o**3 - 5*o**2 + 2*o. Let i be h(3). Let v = i - -19. List the prime factors of v.
7
Let z be 6/(-7)*(-98)/28. Let b be (z/(-9))/(2/(-24)). What are the prime factors of (b + (-4 - -5))*7?
5, 7
Suppose 6*z + 1539 = -3*z. Let c = -95 - z. What are the prime factors of c?
2, 19
Let a be -8*(-1)/(-2)*-1. Let h(q) = -4*q - 3*q + 7 + 6*q + a*q. List the prime factors of h(9).
2, 17
Suppose 10*g + 2 = 12*g. What are the prime factors of (g - 0)*(-547 - -2)/(-5)?
109
What are the prime factors of 50/(-150) - (-48522)/9?
3, 599
Let d be 1*64/(-3) + 4/12. Let k(b) = -b**2 - 30*b + 15. List the prime factors of k(d).
2, 3, 17
Let d(o) be the first derivative of 11*o**2/2 - 21*o - 15. List the prime factors of d(7).
2, 7
Suppose 0 = -s - 0*w + w + 1142, -w = s - 1140. What are the prime factors of s?
7, 163
Suppose -3*h = -91 - 41. Let f = h + -12. Suppose -5*a + 104 = 3*y, 2*a = 3*y - y + f. What are the prime factors of a?
19
Let o = -242 - -440. List the prime factors of o.
2, 3, 11
List the prime factors of 4/(-6) + 0 + 13783/33.
3, 139
Let o = 42 - 21. Let r = -12 + o. What are the prime factors of r?
3
Let l(g) = g**3 - 9*g**2 + g + 8. List the prime factors of l(10).
2, 59
Suppose 3*t + 165 = 2*k - 182, 0 = 4*t + 4. Let w = k + -50. What are the prime factors of w?
2, 61
Suppose p - 2*c = -0*c + 1352, 3*p - 4091 = -c. What are the prime factors of 12/(-60) + p/10 + -2?
2, 67
Let u(t) = -t**3 + 7*t**2 - 4. Let g be u(7). Let j be 1 + (10 - g) + 3. Suppose -3*f + f + j = 0. What are the prime factors of f?
3
List the prime factors of ((-102)/(-15) - -2)*2040/16.
2, 3, 11, 17
Let s be -2*((-417)/(-8))/((-6)/(-8)). What are the prime factors of 8/(1 + -5)*s?
2, 139
Let q be -1 + 1 + (2 - 4)*-1. Suppose 0 = -q*y - 2*y + 12, 4*y = 4*r - 96. What are the prime factors of r?
3
Let f(u) = -u**2 + 107*u + 267. What are the prime factors of f(65)?
3, 37
Let h = 7330 - 4940. List the prime factors of h.
2, 5, 239
Let s be 1 + 0 - (-40)/5. Let k(c) = -c**3 + 9*c**2 - 2*c - 10. Let p be k(s). Let t = 5 - p. List the prime factors of t.
3, 11
Suppose 5*u